8, what is -130 - 7?
-137
In base 16, what is 1b + 7?
22
In base 9, what is 5 + 5?
11
In base 6, what is -2133 + -5?
-2142
In base 13, what is -9 + 12?
6
In base 7, what is 126 - 2?
124
In base 12, what is -11 + -1b?
-30
In base 16, what is 1c52 + -5?
1c4d
In base 9, what is 43246 + 3?
43250
In base 15, what is -1 + 13?
12
In base 9, what is 3 - -101?
104
In base 16, what is 3 + 113?
116
In base 7, what is 3 + -61?
-55
In base 4, what is -113 - 0?
-113
In base 10, what is 3 + -394?
-391
In base 10, what is -4 + 1463?
1459
In base 16, what is 1 + -e1?
-e0
In base 15, what is 109 - 0?
109
In base 11, what is -5 - -30?
26
In base 5, what is -12 - -2?
-10
In base 14, what is -5 + -cc?
-d3
In base 2, what is -11 - 10111110?
-11000001
In base 7, what is 10 - 63?
-53
In base 10, what is 39 + -13?
26
In base 3, what is 12 + 110101?
110120
In base 6, what is -2 - -1223?
1221
In base 13, what is -166 + 4?
-162
In base 11, what is 17 - 22?
-6
In base 11, what is -42 - 119?
-160
In base 2, what is -11010010010111 - 0?
-11010010010111
In base 8, what is 644 + -2?
642
In base 5, what is 12 - 231?
-214
In base 10, what is 1806 - -4?
1810
In base 5, what is -11021 + -10?
-11031
In base 5, what is -102 - -2134?
2032
In base 11, what is 2 + -56?
-54
In base 9, what is 1564 - 0?
1564
In base 7, what is 4056 - 1?
4055
In base 9, what is -1 - -2516?
2515
In base 11, what is -16 - -1?
-15
In base 15, what is -4 + 85?
81
In base 8, what is 75 + -5?
70
In base 16, what is -4f + -1?
-50
In base 10, what is -2000 + 3?
-1997
In base 6, what is 0 - -15?
15
In base 14, what is a + -9c?
-92
In base 9, what is 30 - -8?
38
In base 6, what is -5 - 30115?
-30124
In base 9, what is -4 - -102?
87
In base 8, what is -1 + -171?
-172
In base 7, what is 45 - -100?
145
In base 5, what is -3230 + 4?
-3221
In base 13, what is 22 - 91c?
-8ca
In base 2, what is 1000011 + 100?
1000111
In base 8, what is -2 - -327?
325
In base 6, what is 131 - 435?
-304
In base 10, what is 2955 - -3?
2958
In base 9, what is -54 + 13?
-41
In base 4, what is -333110 + -12?
-333122
In base 8, what is -1 + -204?
-205
In base 2, what is 1 + 10001111?
10010000
In base 11, what is -5 - -205?
200
In base 16, what is 4 - a1?
-9d
In base 4, what is 1 + -200?
-133
In base 9, what is -258 + -4?
-263
In base 3, what is 2 + 121222?
122001
In base 14, what is 2a - 4?
26
In base 2, what is -1 + 101000011110?
101000011101
In base 7, what is -345 + 0?
-345
In base 11, what is -132a + 1?
-1329
In base 12, what is -5 - -9?
4
In base 7, what is 3 - 103?
-100
In base 10, what is 2 - -36?
38
In base 6, what is 13050 + 0?
13050
In base 4, what is 13 + -10223?
-10210
In base 8, what is 10701 + 7?
10710
In base 8, what is 244 - 20?
224
In base 16, what is 15 + 1cf?
1e4
In base 5, what is -1 + 1142?
1141
In base 9, what is -230 - 3?
-233
In base 2, what is -11001011 + 0?
-11001011
In base 3, what is -1012 + -1021?
-2110
In base 13, what is -2 + 19?
17
In base 15, what is -3 + -45?
-48
In base 7, what is 1115 + 4?
1122
In base 4, what is 301 + 2?
303
In base 2, what is -101 - -100?
-1
In base 11, what is -118 + -4?
-121
In base 12, what is -3 - 264?
-267
In base 11, what is 6 + -27?
-21
In base 8, what is -10 - -134?
124
In base 15, what is 3 + 30?
33
In base 10, what is -1 - 86?
-87
In base 14, what is -1 - 11d?
-120
In base 9, what is 53 - 14?
38
In base 5, what is 10221 - -4?
10230
In base 4, what is 10231320 + 0?
10231320
In base 3, what is 202101002 + -2?
202101000
In base 3, what is 201 - -100?
1001
In base 4, what is -323 - -2?
-321
In base 16, what is -f5a - 4?
-f5e
In base 6, what is -12 - -23?
11
In base 16, what is -2842 - 5?
-2847
In base 15, what is -7 - -32?
2a
In base 6, what is -1 - -1434?
1433
In base 2, what is -10 - -1010000?
1001110
In base 4, what is -1131 + -1?
-1132
In base 13, what is ac4 + 3?
ac7
In base 14, what is 15b + -11?
14a
In base 14, what is 38bb + -4?
38b7
In base 7, what is 221 + 10?
231
In base 7, what is 356 - 11?
345
In base 14, what is -130d + 1?
-130c
In base 7, what is 42 - 34?
5
In base 3, what is -2011 - 12?
-2100
In base 8, what is 261 - 52?
207
In base 14, what is -5 - 132?
-137
In base 5, what is 10010 + -4?
10001
In base 10, what is 5 + 1048?
1053
In base 5, what is -3 + -20?
-23
In base 7, what is 3 - 3?
0
In base 15, what is -1 + -c7?
-c8
In base 5, what is -3000 + 0?
-3000
In base 15, what is -114 - 2?
-116
In base 13, what is 139 - -15?
151
In base 13, what is 12 + 13b?
150
In base 10, what is 2069 + 5?
2074
In base 7, what is 4 + 1300?
1304
In base 14, what is -70a + 5?
-705
In base 10, what is -367 - 15?
-382
In base 4, what is -31 - 121301?
-121332
In base 13, what is 3c - -3?
42
In base 11, what is -24 - 3?
-27
In base 3, what is 0 + 10202?
10202
In base 9, what is 4 + -58?
-54
In base 13, what is 18b1 - -5?
18b6
In base 13, what is -19 + 255?
239
In base 11, what is 0 + 44a?
44a
In base 12, what is a + -211?
-203
In base 13, what is -2 + -123c?
-1241
In base 8, what is 1544 - -3?
1547
In base 6, what is -231 + 33?
-154
In base 3, what is 2 + -22002?
-22000
In base 16, what is -2 - 24?
-26
In base 8, what is 126 + 142?
270
In base 14, what is 3 - -1b6?
1b9
In base 12, what is -1 - -16?
15
In base 5, what is -31 + -14?
-100
In base 14, what is 11c + -13?
109
In base 10, what is 16 + 4?
20
In base 14, what is 339 - -1?
33a
In base 13, what is 7 + -9?
-2
In base 6, what is 13 + -3035?
-3022
In base 2, what is -1111 + -1101010?
-1111001
In base 12, what is 2 - 46?
-44
In base 10, what is -183 + 6?
-177
In base 6, what is 4 + 200?
204
In base 3, what is -1 + 212?
211
In base 4, what is -102 - 3?
-111
In base 12, what is 25b9 - -3?
2600
In base 16, what is -3 - 13?
-16
In base 15, what is -4 - 177?
-17b
In base 4, what is 2 + -30?
-22
In base 13, what is 55 - 26?
2c
In base 16, what is -ad + 48?
-65
In base 12, what is 24 - -10?
34
In base 12, what is 28 - 48?
-20
In base 14, what is -5 - 137?
-13c
In base 11, what is 2 - -157?
159
In base 16, what is -18 - -19?
1
In base 14, what is 1131 + 0?
1131
In base 10, what is -2 + -1465?
-1467
In base 8, what is -13 + -1?
-14
In base 4, what is 2 - 302231?
-302223
In base 12, what is 5 - -21a?
223
In base 15, what is -15 - 518?
-52d
In base 5, what is 12 - 102?
-40
In base 11, what is 5 + -252?
-248
In base 9, what is -1651 - 6?
-1657
In base 7, what is 1 - 211?
-210
In base 13, what is 9829 - -2?
982b
In base 8, what is -7 + 67?
60
In base 14, what is 246 + -5?
241
In base 9, what is -3041 + 0?
-3041
In base 12, what is -5 + 190?
187
In base 16, what is -23 + -10?
-33
In base 13, what is -7924 + 1?
-7923
In base 15, what is -4 - 38?
-3c
In base 14, what is 2 - c?
-a
In base 10, what is 0 + 381?
381
In base 12, what is -2b + -8?
-37
In base 4, what is -2000232 + 1?
-2000231
In base 16, what is 5 + 30?
35
In base 11, what is 960 + 3?
963
In base 12, what is -1 + 38?
37
In base 12, what is 2748 - -1?
2749
In base 4, what is -11103 + 10?
-11033
In base 12, what is 95 + 0?
95
In base 11, what is -16 - -5?
-11
In base 7, what is 2 + -662?
-660
In base 12, what is -12384 + -1?
-12385
In base 3, what is -102011 - 12?
-102100
In base 11, what is -1271 + 9?
-1263
In base 2, what is 100 - -100000?
100100
In base 11, what is 2 + -963?
-961
In base 9, what is 0 + 60?
60
In base 7, what is -4 - -266?
262
In base 8, what is 16 + 41?
57
In base 5, what is 4132 - -24?
4211
In base 7, what is -155 + 102?
-53
In base 7, what is -4104 + -4?
-4111
In base 2, what is -1110 + 1010001010?
1001111100
In base 4, what is -1000 - -32?
-302
In base 14, what is 39 + -ac?
-73
In base 7, what is 0 + -12020?
-12020
In base 6, what is -10123 - -4?
-10115
In base 8, what is 4555 + 2?
4557
In base 7, what is 54 - 5?
46
In base 9, what is 1371 + 4?
1375
In base 4, what is 22111 - 1?
22110
In base 3, what is -1200 + -2?
-1202
In base 14, what is -4 - 13a?
-140
In base 7, what is -11234 - 2?
-11236
In base 9, what is 2 - 102?
-100
In base 12, what is 63 - 105?
-62
In base 3, what is 12 + -111?
-22
In base 10, what is -3463 - 1?
-3464
In base 13, what is 9862 + -2?
9860
In base 12, what is -903 + 3?
-900
In base 10, what is -5 - -48?
43
In base 13, what is -c8 - -3?
-c5
In base 7, what is 43 + 20?
63
In base 3, what is -20202 - -20?
-20112
In base 11, what is -10 + 49?
39
In 